{"version":"1.0","provider_name":"die-wetterversicherung.de","provider_url":"https:\/\/die-wetterversicherung.de\/blog","author_name":"admin","author_url":"https:\/\/die-wetterversicherung.de\/blog\/author\/admin\/","title":"Sonnenfinsternis: Energieversorger bangen um Stromnetz - die-wetterversicherung.de","type":"rich","width":600,"height":338,"html":"<blockquote class=\"wp-embedded-content\" data-secret=\"W4cFRNZCVn\"><a href=\"https:\/\/die-wetterversicherung.de\/blog\/sonnenfinsternis-energieversorger-bangen-um-stromnetz\/\">Sonnenfinsternis: Energieversorger bangen um Stromnetz<\/a><\/blockquote><iframe sandbox=\"allow-scripts\" security=\"restricted\" src=\"https:\/\/die-wetterversicherung.de\/blog\/sonnenfinsternis-energieversorger-bangen-um-stromnetz\/embed\/#?secret=W4cFRNZCVn\" width=\"600\" height=\"338\" title=\"&#8222;Sonnenfinsternis: Energieversorger bangen um Stromnetz&#8220; &#8211; die-wetterversicherung.de\" data-secret=\"W4cFRNZCVn\" frameborder=\"0\" marginwidth=\"0\" marginheight=\"0\" scrolling=\"no\" class=\"wp-embedded-content\"><\/iframe><script type=\"text\/javascript\">\n\/* <![CDATA[ *\/\n\/*! This file is auto-generated *\/\n!function(d,l){\"use strict\";l.querySelector&&d.addEventListener&&\"undefined\"!=typeof URL&&(d.wp=d.wp||{},d.wp.receiveEmbedMessage||(d.wp.receiveEmbedMessage=function(e){var t=e.data;if((t||t.secret||t.message||t.value)&&!\/[^a-zA-Z0-9]\/.test(t.secret)){for(var s,r,n,a=l.querySelectorAll('iframe[data-secret=\"'+t.secret+'\"]'),o=l.querySelectorAll('blockquote[data-secret=\"'+t.secret+'\"]'),c=new RegExp(\"^https?:$\",\"i\"),i=0;i<o.length;i++)o[i].style.display=\"none\";for(i=0;i<a.length;i++)s=a[i],e.source===s.contentWindow&&(s.removeAttribute(\"style\"),\"height\"===t.message?(1e3<(r=parseInt(t.value,10))?r=1e3:~~r<200&&(r=200),s.height=r):\"link\"===t.message&&(r=new URL(s.getAttribute(\"src\")),n=new URL(t.value),c.test(n.protocol))&&n.host===r.host&&l.activeElement===s&&(d.top.location.href=t.value))}},d.addEventListener(\"message\",d.wp.receiveEmbedMessage,!1),l.addEventListener(\"DOMContentLoaded\",function(){for(var e,t,s=l.querySelectorAll(\"iframe.wp-embedded-content\"),r=0;r<s.length;r++)(t=(e=s[r]).getAttribute(\"data-secret\"))||(t=Math.random().toString(36).substring(2,12),e.src+=\"#?secret=\"+t,e.setAttribute(\"data-secret\",t)),e.contentWindow.postMessage({message:\"ready\",secret:t},\"*\")},!1)))}(window,document);\n\/\/# sourceURL=https:\/\/die-wetterversicherung.de\/blog\/wp-includes\/js\/wp-embed.min.js\n\/* ]]> *\/\n<\/script>\n","thumbnail_url":"https:\/\/die-wetterversicherung.de\/blog\/wp-content\/uploads\/2015\/03\/sonnenfinsternis\u00a9pixabay.jpg","thumbnail_width":1659,"thumbnail_height":1120,"description":"Am 20. M\u00e4rz verdunkelt sich die Sonne f\u00fcr zwei Stunden. Die Stromversorger bef\u00fcrchten Einbr\u00fcche im Solarenergienetz. An dem Freitag der kommenden Woche wird in Deutschland ein seltenes Naturereignis zu sehen sein. \u00dcber dem Nordatlantik kommt es zu einer totalen Sonnenfinsternis (SoFi). In Norddeutschland wird sich die Sonne zu 83 Prozent verdunkeln, im S\u00fcden der Bundesrepublik &hellip; Weiterlesen"}

Am 20. März verdunkelt sich die Sonne für zwei Stunden. Die Stromversorger befürchten Einbrüche im Solarenergienetz. An dem Freitag der kommenden Woche wird in Deutschland ein seltenes Naturereignis zu sehen sein. Über dem Nordatlantik kommt es zu einer totalen Sonnenfinsternis (SoFi). In Norddeutschland wird sich die Sonne zu 83 Prozent verdunkeln, im Süden der Bundesrepublik &hellip; Weiterlesen
