{"version":"1.0","provider_name":"die-wetterversicherung.de","provider_url":"https:\/\/die-wetterversicherung.de\/blog","author_name":"admin","author_url":"https:\/\/die-wetterversicherung.de\/blog\/author\/admin\/","title":"Ist der Sommer dieses Jahr im Fr\u00fchling? - die-wetterversicherung.de","type":"rich","width":600,"height":338,"html":"<blockquote class=\"wp-embedded-content\" data-secret=\"nPyGffIaEa\"><a href=\"https:\/\/die-wetterversicherung.de\/blog\/ist-der-sommer-dieses-jahr-im-fruehling\/\">Ist der Sommer dieses Jahr im Fr\u00fchling?<\/a><\/blockquote><iframe sandbox=\"allow-scripts\" security=\"restricted\" src=\"https:\/\/die-wetterversicherung.de\/blog\/ist-der-sommer-dieses-jahr-im-fruehling\/embed\/#?secret=nPyGffIaEa\" width=\"600\" height=\"338\" title=\"&#8222;Ist der Sommer dieses Jahr im Fr\u00fchling?&#8220; &#8211; die-wetterversicherung.de\" data-secret=\"nPyGffIaEa\" frameborder=\"0\" marginwidth=\"0\" marginheight=\"0\" scrolling=\"no\" class=\"wp-embedded-content\"><\/iframe><script type=\"text\/javascript\">\n\/* <![CDATA[ *\/\n\/*! This file is auto-generated *\/\n!function(d,l){\"use strict\";l.querySelector&&d.addEventListener&&\"undefined\"!=typeof URL&&(d.wp=d.wp||{},d.wp.receiveEmbedMessage||(d.wp.receiveEmbedMessage=function(e){var t=e.data;if((t||t.secret||t.message||t.value)&&!\/[^a-zA-Z0-9]\/.test(t.secret)){for(var s,r,n,a=l.querySelectorAll('iframe[data-secret=\"'+t.secret+'\"]'),o=l.querySelectorAll('blockquote[data-secret=\"'+t.secret+'\"]'),c=new RegExp(\"^https?:$\",\"i\"),i=0;i<o.length;i++)o[i].style.display=\"none\";for(i=0;i<a.length;i++)s=a[i],e.source===s.contentWindow&&(s.removeAttribute(\"style\"),\"height\"===t.message?(1e3<(r=parseInt(t.value,10))?r=1e3:~~r<200&&(r=200),s.height=r):\"link\"===t.message&&(r=new URL(s.getAttribute(\"src\")),n=new URL(t.value),c.test(n.protocol))&&n.host===r.host&&l.activeElement===s&&(d.top.location.href=t.value))}},d.addEventListener(\"message\",d.wp.receiveEmbedMessage,!1),l.addEventListener(\"DOMContentLoaded\",function(){for(var e,t,s=l.querySelectorAll(\"iframe.wp-embedded-content\"),r=0;r<s.length;r++)(t=(e=s[r]).getAttribute(\"data-secret\"))||(t=Math.random().toString(36).substring(2,12),e.src+=\"#?secret=\"+t,e.setAttribute(\"data-secret\",t)),e.contentWindow.postMessage({message:\"ready\",secret:t},\"*\")},!1)))}(window,document);\n\/\/# sourceURL=https:\/\/die-wetterversicherung.de\/blog\/wp-includes\/js\/wp-embed.min.js\n\/* ]]> *\/\n<\/script>\n","thumbnail_url":"https:\/\/die-wetterversicherung.de\/blog\/wp-content\/uploads\/2015\/03\/sonnenuntergang@pixabay.jpg","thumbnail_width":1280,"thumbnail_height":900,"description":"\u00dcber das laufende Fr\u00fchjahr gibt es bisher nichts zu meckern: weitgehend Sonne, Temperaturen bis 18 Grad Celsius. Doch der Sommer k\u00f6nnte 2015 ausfallen. Wer dieses Jahr die Sonne genie\u00dfen, sich mit Freunden im Biergarten treffen oder geplante Au\u00dfenarbeiten erledigen will, sollte das jetzt tun. Die Durchschnittstemperatur liegt bereits 1,3 Grad \u00fcber dem langj\u00e4hrigen Jahresmittel, das &hellip; Weiterlesen"}

Ist der Sommer dieses Jahr im Frühling? - die-wetterversicherung.de

<blockquote class="wp-embedded-content" data-secret="nPyGffIaEa"><a href="https://die-wetterversicherung.de/blog/ist-der-sommer-dieses-jahr-im-fruehling/">Ist der Sommer dieses Jahr im Frühling?</a></blockquote><iframe sandbox="allow-scripts" security="restricted" src="https://die-wetterversicherung.de/blog/ist-der-sommer-dieses-jahr-im-fruehling/embed/#?secret=nPyGffIaEa" width="600" height="338" title="&#8222;Ist der Sommer dieses Jahr im Frühling?&#8220; &#8211; die-wetterversicherung.de" data-secret="nPyGffIaEa" frameborder="0" marginwidth="0" marginheight="0" scrolling="no" class="wp-embedded-content"></iframe><script type="text/javascript">
/* <![CDATA[ */
/*! This file is auto-generated */
!function(d,l){"use strict";l.querySelector&&d.addEventListener&&"undefined"!=typeof URL&&(d.wp=d.wp||{},d.wp.receiveEmbedMessage||(d.wp.receiveEmbedMessage=function(e){var t=e.data;if((t||t.secret||t.message||t.value)&&!/[^a-zA-Z0-9]/.test(t.secret)){for(var s,r,n,a=l.querySelectorAll('iframe[data-secret="'+t.secret+'"]'),o=l.querySelectorAll('blockquote[data-secret="'+t.secret+'"]'),c=new RegExp("^https?:$","i"),i=0;i<o.length;i++)o[i].style.display="none";for(i=0;i<a.length;i++)s=a[i],e.source===s.contentWindow&&(s.removeAttribute("style"),"height"===t.message?(1e3<(r=parseInt(t.value,10))?r=1e3:~~r<200&&(r=200),s.height=r):"link"===t.message&&(r=new URL(s.getAttribute("src")),n=new URL(t.value),c.test(n.protocol))&&n.host===r.host&&l.activeElement===s&&(d.top.location.href=t.value))}},d.addEventListener("message",d.wp.receiveEmbedMessage,!1),l.addEventListener("DOMContentLoaded",function(){for(var e,t,s=l.querySelectorAll("iframe.wp-embedded-content"),r=0;r<s.length;r++)(t=(e=s[r]).getAttribute("data-secret"))||(t=Math.random().toString(36).substring(2,12),e.src+="#?secret="+t,e.setAttribute("data-secret",t)),e.contentWindow.postMessage({message:"ready",secret:t},"*")},!1)))}(window,document);
//# sourceURL=https://die-wetterversicherung.de/blog/wp-includes/js/wp-embed.min.js
/* ]]> */
</script>

Über das laufende Frühjahr gibt es bisher nichts zu meckern: weitgehend Sonne, Temperaturen bis 18 Grad Celsius. Doch der Sommer könnte 2015 ausfallen. Wer dieses Jahr die Sonne genießen, sich mit Freunden im Biergarten treffen oder geplante Außenarbeiten erledigen will, sollte das jetzt tun. Die Durchschnittstemperatur liegt bereits 1,3 Grad über dem langjährigen Jahresmittel, das &hellip; Weiterlesen
